 is the hundreds digit of 598251464?
4
What is the tens digit of 650499400?
0
What is the thousands digit of 148741001?
1
What is the units digit of 3030706?
6
What is the hundred thousands digit of 5135596300?
5
What is the billions digit of 1561986524?
1
What is the hundreds digit of 1207871250?
2
What is the ten millions digit of 70164773?
7
What is the units digit of 1811967?
7
What is the ten thousands digit of 42597590?
9
What is the hundred thousands digit of 2010460339?
4
What is the hundred thousands digit of 32852376?
8
What is the ten millions digit of 365066620?
6
What is the ten thousands digit of 395848475?
4
What is the tens digit of 200590469?
6
What is the ten thousands digit of 18393265?
9
What is the tens digit of 453234748?
4
What is the hundred millions digit of 187115096?
1
What is the units digit of 4539438742?
2
What is the hundred thousands digit of 2329167?
3
What is the hundreds digit of 32884048?
0
What is the ten thousands digit of 80994049?
9
What is the units digit of 7329899?
9
What is the thousands digit of 597674181?
4
What is the ten thousands digit of 3332956334?
5
What is the thousands digit of 168683231?
3
What is the hundreds digit of 60486030?
0
What is the millions digit of 848041246?
8
What is the hundred millions digit of 1512986602?
5
What is the hundreds digit of 213459702?
7
What is the tens digit of 987882818?
1
What is the hundred thousands digit of 35140966?
1
What is the millions digit of 2194178059?
4
What is the hundred thousands digit of 552546181?
5
What is the hundred thousands digit of 1834882955?
8
What is the thousands digit of 1841634819?
4
What is the hundred millions digit of 109998442?
1
What is the hundred thousands digit of 33651330?
6
What is the billions digit of 5262032462?
5
What is the thousands digit of 4170579426?
9
What is the ten millions digit of 5046970226?
4
What is the billions digit of 1128020561?
1
What is the ten thousands digit of 242332063?
3
What is the hundred millions digit of 178896085?
1
What is the units digit of 130216474?
4
What is the ten millions digit of 132481744?
3
What is the units digit of 2980389657?
7
What is the tens digit of 568106826?
2
What is the hundred millions digit of 528642113?
5
What is the ten millions digit of 241481112?
4
What is the hundred millions digit of 1304550845?
3
What is the hundred millions digit of 160587329?
1
What is the tens digit of 2875740062?
6
What is the ten millions digit of 13830757?
1
What is the hundreds digit of 48790223?
2
What is the ten thousands digit of 69846850?
4
What is the hundreds digit of 1154653610?
6
What is the ten millions digit of 49314491?
4
What is the millions digit of 1680196274?
0
What is the thousands digit of 1813984196?
4
What is the thousands digit of 589940702?
0
What is the ten thousands digit of 1143571248?
7
What is the ten thousands digit of 71013756?
1
What is the hundred thousands digit of 41004134?
0
What is the ten thousands digit of 28142017?
4
What is the tens digit of 38246349?
4
What is the millions digit of 92979513?
2
What is the hundreds digit of 21557978?
9
What is the ten thousands digit of 215596976?
9
What is the hundreds digit of 1286560172?
1
What is the hundred thousands digit of 551017180?
0
What is the millions digit of 68102449?
8
What is the millions digit of 2438696681?
8
What is the tens digit of 691035853?
5
What is the tens digit of 3961742084?
8
What is the millions digit of 17654842?
7
What is the hundreds digit of 564941574?
5
What is the units digit of 19682921?
1
What is the billions digit of 2468383320?
2
What is the ten thousands digit of 2605610834?
1
What is the ten millions digit of 94663967?
9
What is the units digit of 24425161?
1
What is the thousands digit of 112204078?
4
What is the tens digit of 938308510?
1
What is the millions digit of 423160606?
3
What is the billions digit of 1179346029?
1
What is the ten thousands digit of 4345123751?
2
What is the ten thousands digit of 100995265?
9
What is the units digit of 164299540?
0
What is the tens digit of 135181457?
5
What is the units digit of 65198835?
5
What is the units digit of 20939587?
7
What is the tens digit of 444488586?
8
What is the units digit of 323127228?
8
What is the hundred thousands digit of 64854981?
8
What is the hundreds digit of 3533579271?
2
What is the hundreds digit of 362668982?
9
What is the tens digit of 472405031?
3
What is the ten millions digit of 75792607?
7
What is the tens digit of 1168347942?
4
What is the millions digit of 75833656?
5
What is the hundreds digit of 63661405?
4
What is the units digit of 16435904?
4
What is the millions digit of 65233414?
5
What is the thousands digit of 74903141?
3
What is the hundred thousands digit of 539921007?
9
What is the millions digit of 1474252846?
4
What is the hundred thousands digit of 25978187?
9
What is the hundred millions digit of 448116320?
4
What is the ten thousands digit of 174888311?
8
What is the tens digit of 289234947?
4
What is the tens digit of 62076717?
1
What is the hundreds digit of 207696583?
5
What is the ten millions digit of 16333135?
1
What is the billions digit of 6286254627?
6
What is the thousands digit of 26377359?
7
What is the tens digit of 36537827?
2
What is the ten thousands digit of 33481995?
8
What is the thousands digit of 526379252?
9
What is the thousands digit of 2051386386?
6
What is the ten thousands digit of 17565440?
6
What is the ten thousands digit of 6359084088?
8
What is the millions digit of 197098061?
7
What is the millions digit of 116672458?
6
What is the ten millions digit of 4633358253?
3
What is the thousands digit of 175602760?
2
What is the millions digit of 1263703398?
3
What is the tens digit of 4804326473?
7
What is the ten millions digit of 223180270?
2
What is the hundred thousands digit of 20565067?
5
What is the thousands digit of 329036363?
6
What is the thousands digit of 28503160?
3
What is the ten millions digit of 733898310?
3
What is the ten thousands digit of 34618367?
1
What is the units digit of 81520896?
6
What is the hundreds digit of 370465835?
8
What is the hundred millions digit of 871607534?
8
What is the thousands digit of 132627474?
7
What is the tens digit of 89618740?
4
What is the units digit of 162816304?
4
What is the hundreds digit of 255128811?
8
What is the ten thousands digit of 707541153?
4
What is the ten millions digit of 20046775?
2
What is the thousands digit of 4025788677?
8
What is the thousands digit of 1422871945?
1
What is the thousands digit of 370293980?
3
What is the millions digit of 30326967?
0
What is the ten millions digit of 305761124?
0
What is the hundreds digit of 452572817?
8
What is the ten millions digit of 259804784?
5
What is the tens digit of 3325010568?
6
What is the hundred millions digit of 354371478?
3
What is the hundred thousands digit of 7593082095?
0
What is the hundred millions digit of 645927279?
6
What is the millions digit of 26530627?
6
What is the billions digit of 3757703557?
3
What is the millions digit of 304061495?
4
What is the hundreds digit of 16429677?
6
What is the millions digit of 81910007?
1
What is the units digit of 19185340?
0
What is the ten millions digit of 1966747067?
6
What is the billions digit of 1436928792?
1
What is the thousands digit of 5914680922?
0
What is the ten millions digit of 676454433?
7
What is the hundred millions digit of 1594995252?
5
What is the hundred thousands digit of 142074527?
0
What is the units digit of 115122047?
7
What is the thousands digit of 491528081?
8
What is the millions digit of 196159786?
6
What is the hundreds digit of 504848843?
8
What is the ten thousands digit of 3407844277?
4
What is the billions digit of 1647093439?
1
What is the hundred millions digit of 126857322?
1
What is the ten millions digit of 317574458?
1
What is the ten thousands digit of 42794855?
9
What is the hundred millions digit of 642750560?
6
What is the hundreds digit of 96804780?
7
What is the millions digit of 113867327?
3
What is the millions digit of 3783957817?
3
What is the thousands digit of 49705362?
5
What is the ten thousands digit of 132620711?
2
What is the units digit of 454667545?
5
What is the thousands digit of 258983453?
3
What i